5
Let z(y) be the third derivative of y**6/120 - y**5/30 - y**4/12 + 2*y**3/3 - 2*y**2. Let l be (0/2)/(-2 - -4). Let c = l + 3. Calculate z(c).
7
Let d(q) = -q**3 - 4*q**2 + 7*q. Let i = -71 + 66. What is d(i)?
-10
Let p(j) be the second derivative of 1/2*j**4 + 0 + 3*j**2 + 5*j + j**3 + 1/20*j**5. Calculate p(-4).
14
Let q(p) = p**3 + 7*p**2 + 6*p. Let a be q(-6). Let k(u) = -2 + 1 - 1 - u. Calculate k(a).
-2
Suppose 2*u - 10 = -3*w, 0 = 2*w - 3*w - 3*u + 15. Suppose w = -4*b - 4, -3*b = -2*j - 0 - 1. Let r(l) = -l**3 - 2*l**2 - 2*l. Give r(j).
4
Let d(g) be the first derivative of -g**3/3 - 5*g**2/2 + 3*g + 26. Determine d(-4).
7
Let w(h) = -h**2 - 3*h - 3. Let k be w(-3). Let u(z) = -5*z + 5. Let j(l) = -4 + 8*l - 2*l - 2*l. Let x(c) = 6*j(c) + 5*u(c). Calculate x(k).
4
Let t(n) = -4*n + 3. Suppose -14*r + 15*r - 4 = 0. What is t(r)?
-13
Let s(r) = 3*r**2 - r. Suppose 0*j - 3 = 3*j. Give s(j).
4
Let l = -6 - -8. Let g(b) be the second derivative of 0*b**2 - l*b + 1/2*b**3 + 0 + 1/20*b**5 - 5/12*b**4. Calculate g(2).
-6
Let n(h) = 2*h - 5. Let p be 4/12 - 32/6. Let t = p - -11. Let l(w) = w - 2. Let s(i) = t*n(i) - 13*l(i). Give s(-3).
-1
Suppose -22 = v + 5*q, -2*q - 8 + 1 = v. Let c = -4 + v. Let y(p) = -p - 1. Calculate y(c).
0
Let k(w) = -w**2 - 8*w - 9. Let y = -95 - -88. What is k(y)?
-2
Suppose -17 = -3*j + 2*z, 5*j + z + 1 = 12. Suppose 5*m = -2*v + 2*m + j, 4*v + m - 21 = 0. Let o = -3 + v. Let i(l) = l**3 - 4*l**2 + 3*l. What is i(o)?
0
Let s = -2 + 4. Suppose 3*c - s*c + m = 4, -4*m + 8 = 0. Let k(t) = -3 + 5*t + c*t - 5*t. Calculate k(5).
7
Let l(z) = -z**3 + z**2 + z + 1. Let d(g) = -3*g**3 + 7*g**2 - g + 2. Let b(o) = d(o) - 2*l(o). Calculate b(2).
6
Let d(k) = -k - 6. Suppose 3*m + 3*g = m - 4, -m - 5*g + 5 = 0. Determine d(m).
-1
Let k(g) = 5*g**2 + 11*g + 12. Let v(l) = 11*l**2 + 23*l + 25. Let y(n) = 13*k(n) - 6*v(n). Calculate y(6).
0
Let w(u) = -u**3 + 5*u - 4. Suppose -4 = -b - 4*h + 3, -2*h = -2. Give w(b).
-16
Let u = 13 - 8. Suppose -5*w + u = 0, -5*w + 4 + 11 = -5*d. Let g(q) be the first derivative of q**4/4 + 2*q**3/3 - q**2/2 + q - 3. What is g(d)?
3
Let j(c) = c**2 + 4 + 3*c**2 + 2*c**2 - 5*c**2 - 7*c. What is j(5)?
-6
Let a(s) = -4 + s**2 + 0 + 5 + 6*s + 2. Give a(-6).
3
Let t(c) = c**3 - 9*c**2 + 8*c - 7. Suppose 10*s - 37 = 43. Calculate t(s).
-7
Suppose 4*o - m = 2 + 3, 3 = -3*m. Let f(x) = 8*x - 1. Give f(o).
7
Let r(g) = 11*g**2 + g - 1. Let p be 6/(-10) + 48/30. Calculate r(p).
11
Let x be 9/(-3) - (-2 - -4). Let f(j) = -4 - 7*j - 3 + 1 - 8*j**2 + 7*j**2. Give f(x).
4
Let x(m) = -m - 1. Let c(y) = -4*y - 2. Let l(k) = 2*c(k) - 7*x(k). Let q(g) = g - 2. Let p(s) = 7*l(s) + 6*q(s). Let a be p(7). Let t(v) = 2*v. Determine t(a).
4
Let x(u) = -u - 7 - 10 + 16. Calculate x(6).
-7
Suppose -z = 3 - 0, -15 = 3*u + 3*z. Let q(d) = -d - 2. What is q(u)?
0
Let x(o) = 0 + 0*o + 0 - 5 - 2*o. Calculate x(-5).
5
Let c(u) = -u**3 - 3*u + 3. Let o = -19 - -21. What is c(o)?
-11
Suppose -10 = -6*r + 2. Let j(c) = c**2 - 3*c - 4. Let f(n) = n**2 - 3*n - 5. Let l(a) = 5*f(a) - 6*j(a). Calculate l(r).
1
Let c(p) be the second derivative of -1/6*p**3 - 5*p + 2*p**2 + 0. What is c(3)?
1
Let s(z) = z**3 + 14*z**2 + z + 17. Let c be (35 + -36)*1/(-1)*-14. What is s(c)?
3
Let b be (-4)/10 + (-102)/(-30). Let r(x) be the third derivative of -x**4/24 + 2*x**3/3 - x**2. Give r(b).
1
Suppose 0 = -0*a - 2*a + 5*w + 1, 5*w = 15. Suppose -6*z = -2*z - a. Let u(n) = -6 - n + 0 + z. Determine u(-6).
2
Suppose 0*u = 4*s + u + 83, 0 = -2*s + 3*u - 45. Let t = -37 - s. Let q be (t/(-20))/((-1)/5). Let w(j) = j**2 + 2*j - 3. Determine w(q).
5
Suppose 3*m = -4*p - 7, 4*m + 30 = -0*m + 5*p. Let s(l) = -l**3 - 6*l**2 - 7*l - 1. Calculate s(m).
9
Let q(v) = -v + 3. Let h be q(0). Let x be (9/h - -1)*-1. Let w(m) = -m**2 - 6*m - 6. What is w(x)?
2
Let y = -317 - -318. Let t(b) = 0*b**2 - 2*b + 0*b**2 + 1 + 5*b**3. Determine t(y).
4
Let z(a) = 2*a**2 + 2*a - 1. Suppose -4*w + 2 = 3*y, 0*w + w - 4 = y. Suppose -1 = b - w*b. Calculate z(b).
3
Let p(b) = -7*b - 3. Let m(o) = -11*o - 4. Let t be (2/3)/((-30)/225). Let u(h) = t*m(h) + 8*p(h). Calculate u(-6).
2
Let d(k) = -k**3 - 4*k**2 + 4*k - 5. Suppose 4*u - 2*u - 5*p + 30 = 0, -3*p = -12. What is d(u)?
0
Let q(z) = -2 + 4 + 0 - 3*z + 2*z**2. What is q(3)?
11
Suppose -3*i - 1 = c + 1, -c + 5*i = 2. Let l be -2 + 1 + 3 + c. Let s(g) = -g - 1. Let b(j) = -2*j - 7. Let q(t) = b(t) - s(t). Determine q(l).
-6
Suppose 4*a - 3*a = 9. Let c(t) = -6*t - a + 21 - 6 - 7. Give c(-1).
5
Suppose 0 = -10*x + 13*x. Suppose 4 = 4*b - 4. Let y(r) = 0*r - 3*r**2 + x + 6 + b*r**2 + r. Give y(0).
6
Let h(b) = 5957*b + 1 - 4*b**2 - 5957*b. What is h(-2)?
-15
Let m(g) be the second derivative of g**5/20 + g**4/2 + 2*g**3/3 - 7*g**2/2 + 2*g. Let d be 5*(6/21 + 27/(-21)). Determine m(d).
-2
Let b(k) = -9*k**3 - 2*k - 1. Let d = 13 - 14. Determine b(d).
10
Suppose -5*b + 6 + 4 = 0. Let v(k) = 5*k**2 - 3*k**b + k - 2 + 1. Calculate v(2).
9
Let l(b) be the third derivative of -b**6/120 + 7*b**5/60 - 5*b**4/24 - 4*b**3/3 - 7*b**2. Give l(6).
-2
Let p(w) be the third derivative of -w**7/840 + w**6/72 - w**5/60 + w**4/6 + w**3/2 + 2*w**2. Let r(n) be the first derivative of p(n). What is r(5)?
-6
Let m(q) = q**3 - 3*q**2 + q. Let j(k) = 6*k - 25. Let c(a) = -2*a + 8. Let z(f) = 11*c(f) + 4*j(f). Let x be z(9). Suppose -5*l + 16 - x = 0. What is m(l)?
-2
Let o(u) = -u**3 - 5*u**2 + 7*u + 7. Suppose -4*y - 34 = 5*f, 3*f + 12 = -4*y - 18. What is o(y)?
1
Suppose -2*c - 8 = c + w, 3*c - w = -10. Let x(n) = n**2 + 3*n. Give x(c).
0
Suppose -2*s - w = 6, 4*s + 3*w = 4 - 14. Let g(j) = 4*j - 2. Let b(f) = 3*f - 2. Let y(i) = s*g(i) + 5*b(i). Let z(t) = -t + 5. Let u be z(0). Determine y(u).
-7
Suppose 0*a - 20 = -5*a - 3*p, 17 = -3*a + 4*p. Let w(o) = -13*o**3 + 4*o**3 + o**2 + 1 + o - 2. Determine w(a).
-8
Suppose 0*x - x - 22 = -3*u, -4*x = 3*u - 32. Suppose -3*r = 4*o - r + 20, o = -2*r - u. Let z(q) = -4*q - 5. Give z(o).
11
Let j(l) = l**2. Let m(s) = s. Let g be m(2). Let y(h) = -4*h**2 + 0*h + 1 + 5*h**2 + g*h. Let i(v) = 2*j(v) - y(v). Determine i(-1).
2
Let z(g) = -2*g + 5. Let p(s) = -3*s + 6. Let a be (-6)/((-12)/(-3) - 2). Suppose -2*f = -3*d - d - 20, -15 = 5*d. Let k(x) = a*p(x) + f*z(x). Calculate k(-5).
-3
Let w(j) = -10*j**2 + 11*j - 3. Let u(z) = 3*z**2 - 4*z + 1. Let o(b) = 7*u(b) + 2*w(b). What is o(6)?
1
Let i(w) = 4*w**2 + 16*w + 44. Let y(h) = -h**2 - 3*h - 9. Let p(s) = -5*i(s) - 24*y(s). Let a(j) = -j**2 + j. Let v(b) = 5*a(b) + p(b). Calculate v(-3).
-4
Let k be 1/(-3) - (-14)/(-3). Let r(m) = -7*m**2 + 4 + 8*m**2 - 4 + 4 + 5*m. Give r(k).
4
Let i(s) = 9*s + 1. Let c = -66 - -65. Calculate i(c).
-8
Let d(x) = 4*x**2 - 1. Let k(r) = -r**2 + r. Suppose -4*h + 9*h - 5 = 0. Let o(s) = h*d(s) + 2*k(s). Calculate o(2).
11
Let o = -10 + 12. Let g be (-3)/(((-27)/o)/(-9)). Let m(a) = -a + 1. Calculate m(g).
3
Let u(h) = h + 1. Let p = 7 - 6. What is u(p)?
2
Let l(d) be the second derivative of -d**4/6 - 5*d**3/6 - d**2 - 14*d. Let b(o) = 2*o + 3 + o + 0*o. Let c be b(-2). Give l(c).
-5
Let c(b) = -b**2 - 5*b - 6. Let z(n) = -n**2 + n - 1. Let j(i) = -c(i) + 2*z(i). What is j(6)?
10
Let u(r) = 6 + 5 - 5 - 5*r. Calculate u(4).
-14
Let b(j) = -4*j. Let z(k) be the second derivative of k**3/6 - 2*k. Let h(x) = 2*b(x) + 7*z(x). What is h(-3)?
3
Let o(y) = y**3 + y**2 + y. Let u(z) = 7 - 11*z + 2*z**2 - 2*z**3 + 0*z**3 - 3*z**3. Let v(k) = -4*o(k) - u(k). What is v(5)?
3
Suppose -32*l + 29*l + 15 = 0. Let r(b) = 2*b - 1. Give r(l).
9
Let p(b) = 7*b**3 - 2*b**2 + 2*b - 3. Let g(m) = -13*m**3 + 5*m**2 - 5*m + 7. Let o(r) = 4*g(r) + 9*p(r). Calculate o(1).
12
Let o = 20 - 20. Let i(x) = -x**2 + x - 8. Determine i(o).
-8
Let n(s) = s**3 - 3*s**2 + 2*s - 2. Let p be n(3). Let m(t) = -1 + 0*t + t + p - 1. What is m(-3)?
-1
Let o(j) = -j**2 - 6*j - 4. Let p be o(-3). Let k(q) be the first derivative of q**2/2 - 9. Calculate k(p).
5
Let s(c) = 3*c + 2. Suppose -2*o - o = -6. Suppose -k - 2 = o. Calculate s(k).
-10
Let f(m) = m**3 - 7*m**2 - 4*m - 2. Let z(k) = 2*k**3 - 15*k**2 - 8*k - 5. Let y(t) = 7*f(t) - 3*z(t). Determine y(5).
6
Let c(m) = m**3 + 5*m**2 - 6*m + 4. Let q be c(-6). Let b(l) = 4*l - 9. Let n(k) = -2*k + 5. Let u